Let u(x) = -2*x + 3. Let l(v) = -v - 1. Let q(i) = 5*l(i) + u(i). What is q(-4)?
26
Let m(v) = v - 11. Suppose 4*o = o + 3*c + 27, 3*c = -3*o + 21. Calculate m(o).
-3
Suppose 0 = -6*o + 3*o - 3. Let k be 2/(-4)*(-1 + o). Let s(z) = -2 + 3*z + 5 + k. Give s(-4).
-8
Let v be -1*(-1 + (-2 - -2)). Suppose v = -4*i + 5. Let o be (2 - 2)/(2/i). Let p(z) = -z**2 + z - 2. Determine p(o).
-2
Let y(h) = -h**2 - 3*h - 2. Suppose -2*k - 2 = -12. Suppose s + 0 = -k. Give y(s).
-12
Suppose 14 + 18 = l. Let o be l/14 - 4/14. Let w = 2 - o. Let u(p) = -p**2 + 2. What is u(w)?
2
Let g(k) = -k**3 - 7*k**2. Let t(r) = r**2. Let u(b) = -g(b) - 6*t(b). Let c(h) = -7*h**3 - 2*h**2. Let q(s) = c(s) + 6*u(s). Calculate q(4).
0
Let u = -6 - -10. Suppose -u + 1 = j. Let a(i) = i - 2. What is a(j)?
-5
Let n(w) = w**3 - w**2 + w - 7. Let s = -23 + 23. Suppose -3*r = -b + 5*b - 6, s = 2*b + 4*r - 8. What is n(b)?
-7
Let o(u) = -1 + 0*u**2 + 3*u - 2*u + 0*u - u**2. Give o(3).
-7
Let n(q) = q + 1. Suppose g = 0, -3*z + 4*z - g - 5 = 0. Let a = 8 - z. Suppose 2*i - a*r - 15 = 0, 2*i - 5*r + 10*r = -25. What is n(i)?
1
Let r(s) be the first derivative of -s**2/2 + s + 1. Let q = 9 - 3. Determine r(q).
-5
Let g(l) = -l**2 - 6*l - 4. Let u(k) = -k**2 + 4*k - 6. Let s be u(4). What is g(s)?
-4
Let j(z) = -11*z - 5. Let n be j(-2). Let y(b) = 20*b + 12. Let d(t) = 7*t + 4. Let l(x) = n*d(x) - 6*y(x). Calculate l(0).
-4
Let q(z) be the second derivative of 1/3*z**4 + 5/6*z**3 + 0 + 5/2*z**2 - 1/20*z**5 + 2*z. Suppose 21*o - 20*o - 5 = 0. What is q(o)?
5
Let f(a) = 6*a**2 + 10*a + 10. Suppose -2*d + 30 = -5*t, 0*d = 4*d + 4*t - 32. Let x = d - 5. Let i(r) = -r**2 - r - 1. Let p(q) = x*i(q) + f(q). Give p(-4).
1
Let b(n) be the third derivative of 0*n - 1/24*n**4 + 0*n**3 + 0 + 3*n**2. Give b(6).
-6
Let r(k) be the first derivative of -11*k + 2 - 5/2*k**2 + 1/3*k**3. Let z(u) = u**2 - 5*u - 10. Let t(p) = -2*r(p) + 3*z(p). Give t(6).
-2
Let j(n) = -2*n**2 + 12*n - 20. Let p(b) = -b**2 + 4*b - 7. Let u(f) = 3*j(f) - 8*p(f). Let c(r) be the first derivative of u(r). Calculate c(-3).
-8
Let y(i) = i**3 + 3*i**2 - 6*i - 4. Suppose 2*u - 10 = -o + 7*u, 4*u = -4. Let s(q) = q**2 - 6*q + 7. Let h be s(o). Suppose -h*l - 8 = -0. Calculate y(l).
4
Let s(i) = -i**3 + 6*i**2 - i + 5. Let u(a) = -a**3 - 5*a**2 + 7*a + 3. Suppose 28 = -4*n + 8, 4*m = 4*n. Let p be u(m). Let l be (3/(-2))/(8/p). Give s(l).
-1
Suppose -2*t = -0*t + 16. Let o = -5 - t. Suppose 4*f + o*k - 5 = 0, 4*k + 1 + 7 = 2*f. Let m(u) = u**3 - 2*u**2 + 4*u - 3. Determine m(f).
5
Let r(m) = -m - 1. Suppose 0*v = -3*v + 6. Let h be (-1)/v*(1 - -1). Let z(c) = 6*c + 5. Let g(x) = h*z(x) - 4*r(x). Determine g(2).
-5
Let t be 6/(-9) + 87/9. Suppose 5*g = -t - 16. Let s(w) be the second derivative of w**5/20 + w**4/2 + w**3/3 - 7*w**2/2 - w. Calculate s(g).
8
Let b(q) = 4 - q**2 + 5*q - 3*q**3 + 4*q**3 - 5*q**2. Let o be 5 - 3/(-1 + 4). What is b(o)?
-8
Let g(x) = 2*x**3 + 23*x**2 + x + 8. Let a(i) = -i**3 - 12*i**2 - 4. Let l(v) = 11*a(v) + 6*g(v). Calculate l(-5).
-1
Suppose 5*s + 13 = -12. Let u(p) = -3*p**2 - 12*p + 3. Let o(i) = -i**2 - 4*i + 1. Let b(l) = 8*o(l) - 3*u(l). What is b(s)?
4
Let n(x) be the second derivative of x**2 + 1/60*x**5 + 0 + 0*x**4 - 1/6*x**3 + x. Let f(m) be the first derivative of n(m). Give f(-1).
0
Let f(s) = s**2 - 2. Let y = 13 - 10. Give f(y).
7
Suppose 0 = s - 3*s + 6. Suppose s*k - 7 = -5*g, -3*k - g + 3 = -2*k. Suppose 0 = 2*j + k. Let b(a) = -a**3 - 3*a**2 - 3*a. Give b(j).
2
Let d(b) be the second derivative of b**5/10 - b**4/12 - b. Give d(-1).
-3
Let j(u) = -4*u**2 - 3*u - 5 - 5*u**2 + 2*u + 2*u**2 - u**3. Calculate j(-7).
2
Let y(a) = 46 + 6*a + 4*a**2 + 3*a**3 - 4*a**3 - 50. Let n = 7 - 2. What is y(n)?
1
Let s(g) = g**2 - 4. Let t = 1 + 2. Determine s(t).
5
Let o(i) = 3*i - 1. Let x(u) = 2*u - 1. Let r(w) = -3*o(w) + 5*x(w). Let s = 9 + -11. Determine r(s).
-4
Let d(p) be the second derivative of -p**6/720 - p**5/120 - p**4/6 - 2*p. Let h(j) be the third derivative of d(j). What is h(-2)?
1
Let u be 2/(8/(-20)) + 13. Let i(v) = 2*v - 5. What is i(u)?
11
Let k(j) = -7*j**2 - 7*j + 9. Let s(h) = 20*h**2 + 20*h - 26. Let u(g) = 17*k(g) + 6*s(g). Calculate u(0).
-3
Let k(b) = -22*b**3 - 15*b**2 - 9. Let v(y) = -11*y**3 - 8*y**2 - 5. Let l(m) = -6*k(m) + 11*v(m). Give l(-1).
-10
Let o(q) = -18*q - 1. Let f(y) = -y**3 - 4*y**2 + 5*y - 1. Let t be f(-5). Give o(t).
17
Suppose -10 = 3*w - f + 3*f, -2*f = -2. Let x(j) = j**3 + 4*j**2 - 3*j - 1. Give x(w).
11
Let i(p) = p**2 + 4*p + 6. Let z be i(-4). Let b(j) = 4*j**2 - 5*j + 3. Let k(v) = 5*v**2 - 5*v + 4. Let u(n) = 4*b(n) - 3*k(n). What is u(z)?
6
Let u(q) = q + 4. Let r(d) = 2*d + 7. Let y(j) = -4*r(j) + 7*u(j). Give y(4).
-4
Let g(n) be the first derivative of n**4/4 + 2*n**3 - 3*n**2 + 10*n - 24. Give g(-7).
3
Let i be 66/(-12)*-1*2. Let s(x) = -5*x - 1. Let k(r) = 15*r + 3. Let v(q) = i*s(q) + 4*k(q). Determine v(2).
11
Let c(i) = -4*i - 3. Let m(h) = -2*h**2 + h + 2. Let a be m(2). Give c(a).
13
Suppose 2*q + 12 = 4*q. Let f(t) = 2*t**2 + 8*t + t**3 + 6*t**2 - 7 - 15*t**2. Give f(q).
5
Let k be (3*-1)/(9/6). Let i be ((-24)/(-9) + k)*3. Let n = i + -5. Let z(b) = -b - 2. Calculate z(n).
1
Let a(t) = -1. Let q = -16 - -15. Let k(w) = w. Let g(l) = q*k(l) + 2*a(l). What is g(2)?
-4
Suppose -6*y + 16 = -2*y. Let t(o) = 2*o - 1. Determine t(y).
7
Suppose -5*k + 1 = -3*h - k, -1 = h - 2*k. Let a(d) = -2*d - 2 + h + 2. Let y(f) = f**3 - 11*f**2 + 2. Let g be y(11). Calculate a(g).
-3
Let g(u) = -2 - 1 - 3 + 0 - 2*u. Give g(-7).
8
Let x(g) be the third derivative of 0*g - 2/3*g**3 - 1/20*g**5 + 0 + 1/120*g**6 + g**2 + 1/24*g**4. Give x(3).
-1
Suppose -j + 5*j = 64. Let w be (-4)/((-7)/((-42)/(-8))). Suppose w*b - j = 7*b. Let r(c) = c**2 + 3*c + 2. Calculate r(b).
6
Let f(v) = 3 - 8 - v + 0*v. Let g be f(-4). Let p(u) = 5*u - u + 1 + 6*u. Give p(g).
-9
Let h(g) = g - 8. Suppose 2*i = -1 + 21. Suppose k + 1 - i = 0. Let j be h(k). Let d(w) = -3*w. Determine d(j).
-3
Let w(g) be the third derivative of 0 - 1/60*g**5 + 0*g**3 + g**2 + 0*g**4 + 0*g - 1/720*g**6 + 1/720*g**7. Let h(k) be the third derivative of w(k). Give h(1).
6
Let t = -27 + 16. Let g be (t - (-3 + 0))/(-2). Let q(k) = 3*k**2 - 25*k. Let r(m) = 2*m**2 - 17*m. Let v(d) = -5*q(d) + 7*r(d). Determine v(g).
8
Let y(b) = b**2 + 4*b - 3. Let w = 1 - 0. Let q = -4 - -3. Let f be (q/2 + w)*-8. Give y(f).
-3
Let k = -3 - 4. Let i = k + 7. Let m(w) = -1 - 5 + w + 0*w**2 - w**2 + w**3. Calculate m(i).
-6
Suppose x - 6*x - 50 = 0. Let f = 9 + x. Let a(r) be the second derivative of 2*r**3/3 - r**2/2 - r. Calculate a(f).
-5
Let l be 12/(-10)*15/(-6). Let y be ((-2)/8)/(l/(-24)). Let f(h) = -6*h + 1. Give f(y).
-11
Let z be -7 + 8 + -1 + 6. Suppose 4*p = z*p - 8. Let d(a) = -2 + 6 - p + a. What is d(3)?
3
Let d(z) = -z + 8. Let w be d(8). Suppose -2*v - 10 = -4*p + 10, w = 2*v + 4*p + 20. Let u = v - -8. Let l(f) = f**2 + 4*f. What is l(u)?
-4
Let v(z) be the third derivative of -z**4/24 - z**3/3 + 4*z**2. Let x be 5/(10/(-4)) - 3. Determine v(x).
3
Let p = 10 + -8. Let k(s) = s**3 - 2*s**2 + s + 2. Determine k(p).
4
Let o(s) = -2*s - 2. Suppose -8*u + 15 = -3*u. Calculate o(u).
-8
Let j(q) = -q**2 - q + 4. Let p = 5 + -3. Suppose p*s + s = -5*r + 13, s + 14 = 2*r. Calculate j(s).
-8
Suppose -r = -3*u + 15 + 3, 3*u - 3*r = 24. Let t(k) = -k + 7. Give t(u).
2
Suppose g = 2*r + 10, 5*g - 15 = -0*r + 3*r. Let u(j) be the third derivative of -j**6/120 - j**5/60 - j**4/24 + 2*j**3/3 + 4*j**2. Determine u(g).
4
Let x(i) = 6*i**2 - 3*i - 1. Let u(s) = -3*s**2 + s + 1. Let n(a) = 5*u(a) + 3*x(a). Determine n(2).
6
Suppose -3*f = 4*u + 24, -4 + 14 = -2*u - f. Let b(d) be the second derivative of d**5/20 + d**4/3 - d**3/3 - 3*d**2/2 + d. Determine b(u).
12
Let t(i) = 7*i**2 - 11*i - 5. Let g(l) = -l**2 + l + 1. Let u(b) = -6*g(b) - t(b). Determine u(4).
3
Let h(x) = x**3 + 2*x**2 + x + 3. Let l be h(0). Let k(r) = r**2 - 5*r + l*r + 2 + 5*r + r. Give k(-5).
7
Suppose 2*i = 10*i + 56. Let r(o) = -o**3 - 6*o**2 + 6*o + 2. Give r(i).
9
Let d(n) = 3*n**2 + 2*n - 1. Let q be d(1). Let z(k) = 2*k**2 - 3*k + q*k + 1 - 3. Let y = -1 + -1. Give z(y).
4
Let w(s) = -s**3 + 17. Suppose -15 = 5*q - 5*u, 5*u - 26 =